7 + 0 + 27 + -6 + -55 + 3?
-24
What is 2 + 0 + -1 + 12?
13
-23 + 29 + (0 - (-2 - -15))
-7
15 - ((5 + 4 + -16 - -15) + -17)
24
0 - -6 - (3 + (-12 - (-4 - 0)))
11
Evaluate -286 + 273 - ((1 - 2) + -8) - 4.
-8
Calculate 13 + (-4 - -8) - (-4 + -1).
22
6 + (6 + 0 - (1 - 31)) - 9
33
-11 + 2 + (1 - 3 - -5)
-6
-258 + 255 - ((-1 - 0) + (-2 - -3))
-3
6244 + -6244 + (0 + -1 - -30)
29
Calculate (23 - (35 - 25)) + -3 + -3 - -5.
12
Calculate -6 - (-78 + 12 + 31).
29
What is the value of -4 + 8 + -7 - (20 + -19)?
-4
Evaluate 15 + -10 - (8 - 2).
-1
What is the value of 340 + -323 + (-9 - (0 + 2))?
6
What is -11 + (-6 - -1) + 8 + (1 - 0)?
-7
Calculate -15 + (72 - 33) + -35.
-11
Evaluate -2 - (-9 + -4) - 3.
8
Calculate -41 + (29 - 4) - (0 + 3 + 4).
-23
What is the value of -6 - -10 - (1 - (8 - 19))?
-8
Evaluate 2 - (0 - -7) - (-8 + 3).
0
What is 7 + (4 - 7) - (2 - (-12 - -15))?
5
1 - 11 - ((-23 - -8) + 12)
-7
What is (2 - 0) + 17 + -16?
3
Calculate (28 - 12) + -12 - (-8 + 2).
10
5 - ((-1 - -7) + (-73 - -60))
12
Evaluate 73 + -68 - (-4 - (-3 - -1) - -22).
-15
Calculate 2 + (-3 - -11) + 3 - 15.
-2
Evaluate -14 - ((-9 - -2) + (-5 - -7)).
-9
What is the value of -8 - (5 + (-29 - -36 - (16 + 2)))?
-2
Evaluate 21 + -17 + -35 + 20.
-11
Calculate (-5 + 10 - 4) + -6 - 11.
-16
-30 + 67 + -59 - (0 - -1 - 5)
-18
Evaluate -4 - -3 - (-2 - (6 - 18)).
-11
Evaluate (-2353 - -2318) + 2 + (17 - 1).
-17
What is the value of -2 - (-1 - 0 - (-6 - -11 - 14))?
-10
Evaluate 29 + (36 - 36) + -22.
7
-4 + -2 + 6 - (0 - -13)
-13
Calculate 22 + (7 - (11 + 1 + -4 + 1)).
20
What is the value of -2 + -10 + -28 + 36?
-4
-12 - ((-18 + 19 - -18) + -10)
-21
What is the value of 4 + -1 - (-13 + (0 - 4))?
20
What is the value of (19 - 0) + -1328 + 1300?
-9
What is -536 + 538 + 3 + 3?
8
Calculate -1 + (0 - -22) - (258 + -248).
11
What is the value of -11 - (-20 - (23 + -25))?
7
What is the value of (1 - 3) + -2 - 7?
-11
What is -3 + -31 + 9 - (5 + -7)?
-23
Evaluate (-95 + 118 - (12 + -1)) + 5.
17
What is 6 + 103 + -110 + (3 - (0 + -2))?
4
-23 - (-9 - -6 - -4 - (-2 - -3))
-23
What is the value of (20 - 14 - 23) + 55?
38
What is -10 - (-24 + 20) - -6?
0
What is (-20 - (-18 - 6)) + (0 - 15)?
-11
Evaluate -11 + -4 + 3 + 8 + -1.
-5
Evaluate (-28 - -18) + 23 - 16.
-3
(6 - -2) + (-8 - (0 - 3) - -10)
13
What is -6 + (8 - -3) + -4 + -11?
-10
Evaluate 6 + (-32 - -26 - (-10 + -1)).
11
Calculate 17 - (25 - -5) - -5.
-8
Calculate -2 + 10 + (48 - 31).
25
What is the value of (6 + -6 - 0) + (-13 - 6)?
-19
35 - -5 - (-108 + 143)
5
What is (-39 - -34) + (-8 - -6)?
-7
What is -1 + 16 + -28 - -18?
5
(18 + -13 - 1) + 1 + 2 + -25
-18
What is 361 + -365 - (0 + -2 + 18)?
-20
Evaluate -8 + 18 + (-11 - 8) + 1.
-8
Evaluate 44 - (-35 + 33 + 33).
13
(2 - (18 + -10) - 3) + -4
-13
What is 15 + (-5 - (11 - -4 - 18))?
13
Evaluate 23 + (-16 - (23 + -27)).
11
Evaluate 16 - (19 - (-12 + -1)).
-16
What is -29 - ((-2 - 3) + (10 + -12 - 1))?
-21
Evaluate (-4 + 9 - 3) + -3 + 7.
6
What is the value of -18 + (2 - 5) + -21 + 40 + -18?
-20
0 - 6 - (-55 + 31)
18
20 - (16 + (21 - 1))
-16
(30 - 13) + (-5 - -8 - 0)
20
Calculate -18 + 6 + -1 - (21 - 23).
-11
Evaluate (-153 - -161) + (-26 - (-2 - 0)).
-16
-1 + -4 + (-2 + 24 - 32)
-15
-1 - 0 - (-66 + 104 - 42)
3
-6 + (17 - 10) - (1 - -4)
-4
What is the value of -6 - 1 - ((-35 - -19) + -3)?
12
Calculate -2 + -29 + 49 - 12.
6
Evaluate (-5 - (2 + -13 - 11)) + -1 + 1.
17
What is the value of 13 - (27 + -39 + 7 + 16)?
2
-1 + -10 + -29 + 36 - -10 - -7
13
Calculate 6 - (-2 + 1 + 1 + -5) - -1.
12
What is -1 - (-21 + 35) - (10 + -1)?
-24
What is the value of -13 + 33 + (41 - 69)?
-8
What is 4 + (-10 - (-9 + -6 + 6)) + 18?
21
Calculate -5 + 2 + 9 + 15 + -19 + 7.
9
What is the value of (-47 - -19) + 4 + 9?
-15
What is the value of 13 + (14 - 0) - 8?
19
Evaluate -1 - ((-3 + 1 - 2) + (-12 - -4)).
11
Evaluate -3 + (8 - -4) + (-13 - (0 + -6)).
2
What is -30 - -25 - (-1 + -14 + 6)?
4
Evaluate -10 - (-8 + (11 - (1 + -2 - -3))).
-11
What is -3 + 25 + -10 + -12?
0
Calculate 2 + (4 + -7 - -5) + 1.
5
(97 - 90) + (-1 - -3 - (1 + -1))
9
-7 + 14 - (-10 - -6)
11
Calculate (16 - (6 + -7) - 4) + -2.
11
Evaluate (-15 - (-6 + 1)) + 16 - -10.
16
What is the value of -24 - 0 - (40 - 58)?
-6
-6 - (-1 - (-7 + 2) - 5) - -6
1
-15 - (1 + -15 + 14)
-15
Evaluate (25 + -28 - 6) + (3 + -5 - -1).
-10
What is 166 + -170 - (-2 + (-3 - (6 - 5)))?
2
Evaluate 2 - (9 + (-18 - -1 - -10)).
0
What is (-20 - ((20 - 68) + 4)) + 0?
24
What is the value of (0 - -4 - 17) + 4 - -8?
-1
Calculate (-8 - (10 - 9) - -9) + -17.
-17
Calculate (0 - 7) + 2 + -9 + 0 + 0.
-14
Evaluate 1 + 23 + 1 + 7237 + -7234.
28
-28 + 32 - (-8 - (0 - -2))
14
Evaluate 35 + -33 + (0 - -7).
9
-2 + (13 - 0) - (165 - 163)
9
What is (-3 + 6 - -6) + 4?
13
Calculate 1 - (0 - (-18 - -11)).
-6
(10 + -21 - -6) + 2 - (-29 + -7)
33
What is (-309 - -332) + (0 + 0 - 3) - 7?
13
-5 + (8 - -11) + -4
10
Evaluate (3253 - 3250) + (1 - 2 - -5 - 1).
6
What is the value of 27 + -25 - (14 - 20)?
8
What is -1 + (4 - 0) + 13 + -21?
-5
-1 + -20 + 1 + (-30 - (35 + -70))
-15
Calculate 21 - (-1 + 23) - (5 + 8).
-14
Calculate (-171 - -158) + 0 + 0.
-13
Evaluate 34 - (23 + -11 + 13).
9
What is -2 + 4 + (-6 - (-18 - -7) - 0)?
7
What is 1 - (9 + 19) - -41?
14
What is the value of (4 - 2) + -3 + -391 + 392?
0
Calculate 78 + -11 + -28 - 32.
7
What is -25 + 53 + -25 + 1 + 10?
14
What is (-2 + 2 - (-15 - 2)) + -110 + 120?
27
-6 + 1 + 2 + -11 + 5
-9
Calculate (-12 + 9 - (-40 + 36)) + 3 + 0.
4
Calculate (2 - -1) + (-2 - -16) + 58 + -66.
9
Evaluate -1 + -15 + 15 - (14 + 0).
-15
What is 1 + -7 - (70 - 73)?
-3
-9 + (12 - (-9 - -11)) + (2 - -1)
4
5 + (-8 - (-9 - -10)) + -8
-12
What is the value of (-10 - (-3 + -4)) + -45 + (22 - 7)?
-33
What is the value of -12 + (-18 - -41) - (-1 - (-2 - -6))?
16
17 + -3 - (70 + -77)
21
What is (-1 + 5 - (116 - 104)) + 15?
7
Calculate 19 - (-6 - (-3 + -9)) - (1 + 5).
7
7 - (-9 - (11 + (-2 - 5) - 9))
11
What is 12 - (-10 - -27 - -1)?
-6
What is the value of 0 - -5 - ((47 - 61) + 3)?
16
What is the value of 42 - 43 - (5 - (-2 - (0 - 2)))?
-6
What is 14 + (12 - 1) + -27?
-2
4 - (-2 + -19 + (9 - -2))
14
Evaluate (18 - 33) + 18 - 18.
-15
What is 62 + -56 + -1 + -15 + 7 + -18?
-21
Calculate 13 + -33 + (0 - -4) + -13 + 12.
-17
Calculate -7 - (14 + (6 + -21 - -14)).
-20
8 + -2 + 1 + (53 - 7 - 39)
14
What is -3 + (10 - (-12 + 8 - (0 - 9)))?
2
Calculate 12 + -4 + 5 + 8 + -4 + -8.
9
What is the value of 13 + -12 + (1 - 21)?
-19
Calculate (23 - (6 + -2)) + -13.
6
Evaluate 16 - 8 - (3 - 37) - 16.
26
What is -18 - (1 - 1 - (22 + 8 + -23))?
-11
5 + (14 - (7 + 5)) + 24
31
Evaluate (-1 - -1) + 226 + -250.
-24
0 - -1 - (-9 - -9 - 2) - -1
4
What is (2 - -5 - 16) + -3?
-12
Calculate -4 - (-1 + -7) - -2 - (-31 - -71).
-34
What is the value of -5 + -2 - ((-11 - (10 + -8)) + 5)?
1
Calculate (3 - -4 - 28) + 22.
1
What is the value of -21 + 5 + -20 + 5 + 14?
-17
What is the value of (-8 - -1) + (35 - 21)?
7
What is the value of (-23 - -22) + (29 - 4) + (-6 - -1)?
19
What is 4 - -22 - (12 + -18 - -15)?
17
Evaluate 20 - 10 - (48 - 16).
-22
Evaluate (-10 + 37 - -17) + -24.
20
What is 3 + 7 - -14 - (14 + -3)?
13
Evaluate (18 + -38 - 18) + 14.
-24
What is 1 + 3 + 4 + 6 + 5 + -21?
-2
What is the value of -6 + (-14 - (-11 - 8))?
-1
Calculate -415 - -417 - (9 - -1).
-8
Evaluate 9 + 11 + (-5 - 2) + 1 + -7.
7
Evaluate (27 - (0 + (6 - 8))) + -2.
27
What is the value of (0 - -2) + 3 + -9 + (9 - 3)?
2
Evaluate 4 + (12 - -17) - 7.
26
Calculate (-22 - -4) + 18 + -9.
-9
What is the value of 10 - 2 - (-9 + 16 - 1 - 4)?
6
-10 - -1 - -7 - (5 + -22 - -1)
14
What is 7 - ((-5 + -1 - -9) + -2) - -3?
9
What is 0 + 2 + (12 - 20)?
-6
(0 - 6) + (-22 + (-6 - -26) - 5)
-13
Evaluate (1 - 0) + 9 + (-36 + 11 - -22).
7
What is the value of (-6 - -5) + 0 + 3 + (4 - 16)?
-10
What is the value of -2 + -1 + -23 - -13?
-13
Evaluate 2 + (8 - -4) + 18.
32
Calculate 8 + (-1 + 16 - (28 - 18)).
13
(-33 - -26) + -5 + (20 - -1) + 10
19
Evaluate (-5 - -3) + (75 - 46).
27
Calculate (-63 - (-66 + 29)) + -2.
-28
Calculate 0 + (18 - 7 - 8).
3
Calculate 12 + (23 + -60 + 23 - (-10 - -1)).
7
What is the value of 0 - (0 + -10) - (-62 - (53 + -110))?
15
What is (-10 - -4) + -16 + 9 - -8?
-5
Calculate -8 - (-10 - (11 - 9) - -10).
-6
-29 + 10 + 1 + -6 + (-2 - -15)
-